{"id":24073,"date":"2025-03-16T10:50:21","date_gmt":"2025-03-16T10:50:21","guid":{"rendered":"https:\/\/gattnau.com\/?post_type=product&#038;p=24073"},"modified":"2025-12-29T09:38:00","modified_gmt":"2025-12-29T09:38:00","slug":"gorra-pana-azul-vermut","status":"publish","type":"product","link":"https:\/\/gattnau.com\/cat\/producte\/gorra-pana-azul-vermut\/","title":{"rendered":"Gorra pana blava VERMUT"},"content":{"rendered":"<p>La gorra de pana blava VERMUT brodada al centre no \u00e9s un simple accessori, \u00e9s el teu bitllet de primera classe al m\u00f3n del vermut. Elegant i adaptable, un encaix perfecte a cada cap. Et puja l'atractiu, si te la poses haur\u00e0s d'estar <em>ready<\/em> per assumir el protagonisme i el descontrol del teu <em>sex appeal.<\/em><\/p>\n<p>&nbsp;<\/p>","protected":false},"excerpt":{"rendered":"<p>Si tienes dudas puedes escribirnos a hola@gattnau.com<\/p>\n<p>Si quieres comprar la gorra de pana azul VERMUT:<\/p>\n<p>\u2022 Pana 100% algod\u00f3n.<br \/>\n\u2022 Corona suave y no estructurada.<br \/>\n\u2022 Cintas y banda de absorci\u00f3n de sudor en sarga de algod\u00f3n.<br \/>\n\u2022 Hebilla ajustable.<\/p>","protected":false},"featured_media":25620,"template":"","meta":{"_monsterinsights_skip_tracking":false,"_monsterinsights_sitenote_active":false,"_monsterinsights_sitenote_note":"","_monsterinsights_sitenote_category":0,"_uf_show_specific_survey":0,"_uf_disable_surveys":false},"product_brand":[],"product_cat":[19,45],"product_tag":[],"class_list":{"0":"post-24073","1":"product","2":"type-product","3":"status-publish","4":"has-post-thumbnail","6":"product_cat-gorras","7":"product_cat-gorras-de-pana","9":"first","10":"instock","11":"taxable","12":"shipping-taxable","13":"purchasable","14":"product-type-simple"},"composite_virtual":false,"composite_layout":"","composite_add_to_cart_form_location":"","composite_editable_in_cart":false,"composite_sold_individually_context":"","composite_shop_price_calc":"","composite_components":[],"composite_scenarios":[],"_links":{"self":[{"href":"https:\/\/gattnau.com\/cat\/wp-json\/wp\/v2\/product\/24073","targetHints":{"allow":["GET"]}}],"collection":[{"href":"https:\/\/gattnau.com\/cat\/wp-json\/wp\/v2\/product"}],"about":[{"href":"https:\/\/gattnau.com\/cat\/wp-json\/wp\/v2\/types\/product"}],"version-history":[{"count":1,"href":"https:\/\/gattnau.com\/cat\/wp-json\/wp\/v2\/product\/24073\/revisions"}],"predecessor-version":[{"id":24075,"href":"https:\/\/gattnau.com\/cat\/wp-json\/wp\/v2\/product\/24073\/revisions\/24075"}],"wp:featuredmedia":[{"embeddable":true,"href":"https:\/\/gattnau.com\/cat\/wp-json\/wp\/v2\/media\/25620"}],"wp:attachment":[{"href":"https:\/\/gattnau.com\/cat\/wp-json\/wp\/v2\/media?parent=24073"}],"wp:term":[{"taxonomy":"product_brand","embeddable":true,"href":"https:\/\/gattnau.com\/cat\/wp-json\/wp\/v2\/product_brand?post=24073"},{"taxonomy":"product_cat","embeddable":true,"href":"https:\/\/gattnau.com\/cat\/wp-json\/wp\/v2\/product_cat?post=24073"},{"taxonomy":"product_tag","embeddable":true,"href":"https:\/\/gattnau.com\/cat\/wp-json\/wp\/v2\/product_tag?post=24073"}],"curies":[{"name":"wp","href":"https:\/\/api.w.org\/{rel}","templated":true}]}}