{"id":22895,"date":"2024-10-25T16:52:42","date_gmt":"2024-10-25T16:52:42","guid":{"rendered":"https:\/\/gattnau.com\/?post_type=product&#038;p=22895"},"modified":"2024-12-17T22:39:23","modified_gmt":"2024-12-17T22:39:23","slug":"gorra-inteligente","status":"publish","type":"product","link":"https:\/\/gattnau.com\/cat\/producte\/gorra-inteligente\/","title":{"rendered":"Gorra inteligente"},"content":{"rendered":"<p>Nuestra gorra inteligente est\u00e1 bordada en celeste y lleva una etiqueta dise\u00f1ada y bordada al tejido que incluye, en su interior, una etiqueta NFC que nos permite personalizarla con la canci\u00f3n que t\u00fa quieras.<\/p>\n<p><strong>Cuando pases el m\u00f3vil por encima<\/strong> de la etiqueta se abrir\u00e1 en pantalla una notificaci\u00f3n que te da la oportunidad de <strong>escuchar la canci\u00f3n en ese momento: desde YouTube o desde Spotify.<\/strong><\/p>\n<p>La etiqueta resiste al calor y al agua, no se ve y es segura.<\/p>\n<p>Esta gorra vintage beige se convierte en un regalo muy emocional y creativo para cuando no sabes que regalar o para llevar siempre tu canci\u00f3n favorita.<\/p>\n<p>Todas las personas tenemos una banda sonora, \u00bfno?<\/p>\n<p>Durante el proceso de compra encontrar\u00e1s un apartado donde te preguntamos por el enlace de la canci\u00f3n que quieres poner y nosotros te lo organizamos todo. Cuando te llegue a casa \u00a1flipar\u00e1s!<\/p>\n<p>&nbsp;<\/p>","protected":false},"excerpt":{"rendered":"<p>Nuestra gorra inteligente est\u00e1 bordada en celeste y lleva una etiqueta dise\u00f1ada y bordada al tejido que incluye, en su interior, una etiqueta NFC que nos permite personalizarla con la canci\u00f3n que t\u00fa quieras. Cuando pases el m\u00f3vil por encima de la etiqueta se abrir\u00e1 en pantalla una notificaci\u00f3n que te da la oportunidad de [&hellip;]<\/p>","protected":false},"featured_media":22878,"template":"","meta":{"_monsterinsights_skip_tracking":false,"_monsterinsights_sitenote_active":false,"_monsterinsights_sitenote_note":"","_monsterinsights_sitenote_category":0,"_uf_show_specific_survey":0,"_uf_disable_surveys":false},"product_brand":[],"product_cat":[15,95],"product_tag":[96],"class_list":{"0":"post-22895","1":"product","2":"type-product","3":"status-publish","4":"has-post-thumbnail","6":"product_cat-sin-categorizar","7":"product_cat-inteligente","8":"product_tag-nfc","10":"first","11":"outofstock","12":"taxable","13":"shipping-taxable","14":"purchasable","15":"product-type-simple"},"composite_virtual":false,"composite_layout":"","composite_add_to_cart_form_location":"","composite_editable_in_cart":false,"composite_sold_individually_context":"","composite_shop_price_calc":"","composite_components":[],"composite_scenarios":[],"_links":{"self":[{"href":"https:\/\/gattnau.com\/cat\/wp-json\/wp\/v2\/product\/22895","targetHints":{"allow":["GET"]}}],"collection":[{"href":"https:\/\/gattnau.com\/cat\/wp-json\/wp\/v2\/product"}],"about":[{"href":"https:\/\/gattnau.com\/cat\/wp-json\/wp\/v2\/types\/product"}],"version-history":[{"count":3,"href":"https:\/\/gattnau.com\/cat\/wp-json\/wp\/v2\/product\/22895\/revisions"}],"predecessor-version":[{"id":22923,"href":"https:\/\/gattnau.com\/cat\/wp-json\/wp\/v2\/product\/22895\/revisions\/22923"}],"wp:featuredmedia":[{"embeddable":true,"href":"https:\/\/gattnau.com\/cat\/wp-json\/wp\/v2\/media\/22878"}],"wp:attachment":[{"href":"https:\/\/gattnau.com\/cat\/wp-json\/wp\/v2\/media?parent=22895"}],"wp:term":[{"taxonomy":"product_brand","embeddable":true,"href":"https:\/\/gattnau.com\/cat\/wp-json\/wp\/v2\/product_brand?post=22895"},{"taxonomy":"product_cat","embeddable":true,"href":"https:\/\/gattnau.com\/cat\/wp-json\/wp\/v2\/product_cat?post=22895"},{"taxonomy":"product_tag","embeddable":true,"href":"https:\/\/gattnau.com\/cat\/wp-json\/wp\/v2\/product_tag?post=22895"}],"curies":[{"name":"wp","href":"https:\/\/api.w.org\/{rel}","templated":true}]}}